
What is the highest common divisor of 24905992 and 8?
8
What is the greatest common factor of 16874808 and 3888?
24
What is the greatest common factor of 9855902 and 49?
7
What is the highest common divisor of 1183611 and 1258972?
4433
Calculate the greatest common factor of 120090113 and 143.
143
Calculate the greatest common divisor of 29 and 1300070.
29
What is the greatest common factor of 16 and 38259608?
8
Calculate the highest common factor of 945379 and 1.
1
Calculate the greatest common factor of 47244 and 26568.
12
Calculate the highest common factor of 719783 and 398.
199
What is the highest common factor of 29821 and 10274?
11
Calculate the greatest common divisor of 2444 and 160787.
47
What is the highest common divisor of 304265588 and 66?
22
Calculate the highest common divisor of 96 and 43581708.
12
Calculate the greatest common divisor of 344443 and 29503.
181
What is the highest common factor of 1376491660 and 20?
20
Calculate the highest common factor of 184364038 and 79.
79
What is the highest common divisor of 9924273 and 427?
61
What is the greatest common divisor of 4677687 and 35133?
147
Calculate the greatest common factor of 162 and 18440703.
81
Calculate the greatest common factor of 53667540 and 720.
180
Calculate the greatest common divisor of 785612 and 2508.
76
What is the highest common divisor of 3810601 and 3281?
17
What is the greatest common factor of 502 and 237003487?
251
What is the highest common factor of 3024 and 32010768?
432
Calculate the highest common factor of 272676840 and 40.
40
What is the highest common factor of 4218 and 12530198?
74
Calculate the greatest common divisor of 1313 and 3359260.
101
Calculate the greatest common divisor of 977 and 1510.
1
What is the highest common factor of 168 and 117462849?
21
Calculate the greatest common factor of 52842077 and 1469.
113
Calculate the highest common factor of 3042 and 31492812.
1014
What is the highest common factor of 238 and 109957638?
14
Calculate the greatest common factor of 376 and 1311548536.
376
Calculate the highest common divisor of 23264140 and 220.
20
Calculate the greatest common factor of 7552 and 1490624.
64
What is the highest common divisor of 1056 and 12709653?
33
Calculate the greatest common factor of 3986 and 7523575.
1993
What is the greatest common factor of 57 and 12858117?
57
Calculate the highest common divisor of 2704 and 98656.
16
Calculate the highest common factor of 1794 and 5671110.
138
Calculate the greatest common factor of 2850288 and 81396.
1428
What is the highest common divisor of 770826 and 10815?
21
What is the greatest common factor of 557925 and 115670?
215
Calculate the greatest common divisor of 64 and 2057128.
8
Calculate the greatest common divisor of 36 and 15395022.
18
What is the highest common divisor of 1048228 and 813?
271
Calculate the highest common divisor of 663 and 83109651.
51
What is the greatest common factor of 114531768 and 72?
72
What is the highest common divisor of 8879766 and 3164?
1582
Calculate the highest common divisor of 25878216 and 574.
574
Calculate the highest common factor of 5657736 and 381514.
1666
What is the highest common factor of 832 and 10132960?
32
What is the highest common divisor of 6 and 13532781?
3
Calculate the highest common divisor of 121680 and 227305.
845
What is the highest common factor of 18479 and 529369?
1087
Calculate the highest common divisor of 16044054 and 10335.
2067
Calculate the highest common divisor of 348552 and 12762936.
7416
What is the greatest common divisor of 97973335 and 1475?
295
Calculate the greatest common divisor of 37787 and 1319939.
1303
What is the highest common divisor of 216 and 1089990?
54
Calculate the highest common divisor of 2327 and 1479793.
179
What is the greatest common factor of 45120 and 7266670?
470
What is the highest common factor of 24 and 256711200?
24
Calculate the greatest common factor of 1026 and 269629209.
513
Calculate the greatest common factor of 8205760 and 128.
64
Calculate the highest common divisor of 5640 and 1664160.
120
Calculate the highest common divisor of 1466850 and 110775.
525
Calculate the greatest common divisor of 12 and 9824442.
6
Calculate the highest common divisor of 467251858 and 1686.
562
What is the greatest common factor of 142361703 and 30008?
3751
What is the greatest common factor of 20628214 and 582?
194
Calculate the greatest common divisor of 380 and 58865876.
76
Calculate the greatest common divisor of 20895 and 375585.
105
What is the highest common divisor of 16371125 and 6625?
125
Calculate the greatest common divisor of 24539 and 27136.
53
What is the greatest common factor of 1590 and 39427230?
1590
What is the highest common divisor of 14520 and 52151?
121
Calculate the highest common divisor of 493125 and 318750.
1875
Calculate the greatest common factor of 277106 and 15880.
794
Calculate the highest common factor of 1383979591 and 677.
677
What is the highest common divisor of 9310840 and 62755?
385
Calculate the highest common factor of 9175935 and 30.
15
What is the highest common factor of 124 and 197203276?
124
What is the highest common divisor of 820808 and 5154063?
2183
Calculate the greatest common divisor of 219 and 18273.
3
Calculate the greatest common factor of 139220 and 262.
2
Calculate the greatest common factor of 1359957 and 8207670.
5991
Calculate the highest common divisor of 757996 and 29359.
2669
What is the greatest common divisor of 130157 and 7751?
23
What is the greatest common divisor of 11540735 and 3320?
415
Calculate the greatest common divisor of 3776975 and 5525.
425
What is the highest common factor of 1796694 and 7808?
122
What is the highest common divisor of 360 and 353300?
20
Calculate the highest common divisor of 210 and 2206638105.
105
What is the greatest common divisor of 1420540 and 4840?
2420
Calculate the highest common factor of 36 and 15330429.
9
Calculate the highest common factor of 218 and 796899.
109
Calculate the greatest common divisor of 2018 and 669904361.
1009
What is the highest common divisor of 89205 and 11229?
57
Calculate the highest common factor of 123760 and 4355260.
1820
What is the highest common factor of 5046 and 92913?
3
Calculate the greatest common factor of 119822872 and 6734.
962
Calculate the greatest common factor of 13666701 and 472.
59
Calculate the highest common factor of 1717 and 107273009.
1717
Calculate the highest common divisor of 85210 and 3050.
10
What is the highest common factor of 105 and 273795?
15
What is the highest common factor of 1681 and 2041267?
41
What is the highest common divisor of 11232633 and 465?
93
Calculate the greatest common factor of 757454 and 86108.
38
What is the greatest common divisor of 9815982 and 99?
33
What is the highest common factor of 24044075 and 1925?
275
Calculate the highest common divisor of 1899572 and 409322.
3974
What is the greatest common divisor of 4882728 and 115922?
778
What is the highest common factor of 2472 and 2219769480?
2472
Calculate the highest common factor of 6511606 and 2.
2
What is the highest common divisor of 1472406 and 3120?
78
Calculate the greatest common factor of 4390 and 305396935.
2195
Calculate the highest common divisor of 7596 and 50828001.
633
Calculate the greatest common factor of 71424 and 755532.
1116
What is the greatest common factor of 25 and 563525?
25
Calculate the highest common divisor of 192 and 670516032.
192
Calculate the greatest common divisor of 738086 and 294250.
214
What is the highest common factor of 675 and 802512?
9
Calculate the greatest common divisor of 48 and 2859.
3
What is the greatest common factor of 4935636 and 6390?
1278
What is the highest common divisor of 272372 and 7450?
298
Calculate the greatest common factor of 52470900 and 37070.
3370
What is the highest common factor of 1811016 and 328?
8
Calculate the highest common factor of 72800 and 59080.
280
What is the highest common divisor of 2464 and 69263432?
56
What is the highest common factor of 21051 and 243?
9
What is the greatest common factor of 14595616 and 23184?
2576
Calculate the highest common factor of 160 and 27845152.
32
What is the greatest common divisor of 291 and 25157823?
291
Calculate